982 is divided by 58.
54
Calculate the remainder when 215 is divided by 22.
17
What is the remainder when 1112 is divided by 53?
52
Calculate the remainder when 983 is divided by 199.
187
What is the remainder when 1299 is divided by 62?
59
What is the remainder when 19 is divided by 10?
9
What is the remainder when 331 is divided by 59?
36
Calculate the remainder when 2140 is divided by 119.
117
What is the remainder when 1028 is divided by 70?
48
Calculate the remainder when 280 is divided by 18.
10
What is the remainder when 488 is divided by 97?
3
What is the remainder when 1473 is divided by 138?
93
Calculate the remainder when 2177 is divided by 90.
17
Calculate the remainder when 100 is divided by 18.
10
Calculate the remainder when 6418 is divided by 38.
34
Calculate the remainder when 21586 is divided by 6.
4
What is the remainder when 685 is divided by 59?
36
What is the remainder when 11 is divided by 5?
1
Calculate the remainder when 99 is divided by 52.
47
Calculate the remainder when 81 is divided by 27.
0
Calculate the remainder when 275 is divided by 84.
23
What is the remainder when 184 is divided by 29?
10
What is the remainder when 874 is divided by 42?
34
What is the remainder when 56 is divided by 23?
10
Calculate the remainder when 1799 is divided by 35.
14
What is the remainder when 110 is divided by 19?
15
What is the remainder when 146 is divided by 40?
26
Calculate the remainder when 311 is divided by 9.
5
Calculate the remainder when 1011 is divided by 262.
225
What is the remainder when 32 is divided by 25?
7
What is the remainder when 98 is divided by 64?
34
Calculate the remainder when 633 is divided by 158.
1
What is the remainder when 548 is divided by 55?
53
What is the remainder when 1841 is divided by 22?
15
Calculate the remainder when 121 is divided by 47.
27
What is the remainder when 64 is divided by 15?
4
What is the remainder when 867 is divided by 14?
13
What is the remainder when 1328 is divided by 204?
104
Calculate the remainder when 705 is divided by 134.
35
Calculate the remainder when 78 is divided by 3.
0
Calculate the remainder when 3381 is divided by 226.
217
What is the remainder when 1739 is divided by 15?
14
What is the remainder when 2974 is divided by 149?
143
What is the remainder when 1481 is divided by 122?
17
What is the remainder when 2444 is divided by 16?
12
What is the remainder when 30 is divided by 5?
0
What is the remainder when 207 is divided by 19?
17
Calculate the remainder when 210 is divided by 24.
18
Calculate the remainder when 3463 is divided by 24.
7
Calculate the remainder when 156 is divided by 20.
16
What is the remainder when 178 is divided by 37?
30
Calculate the remainder when 1272 is divided by 7.
5
Calculate the remainder when 465 is divided by 154.
3
What is the remainder when 284 is divided by 119?
46
Calculate the remainder when 155 is divided by 54.
47
Calculate the remainder when 4513 is divided by 82.
3
What is the remainder when 511 is divided by 73?
0
Calculate the remainder when 69 is divided by 3.
0
What is the remainder when 425 is divided by 85?
0
Calculate the remainder when 330 is divided by 111.
108
What is the remainder when 46 is divided by 33?
13
What is the remainder when 1847 is divided by 12?
11
What is the remainder when 9537 is divided by 86?
77
Calculate the remainder when 208 is divided by 40.
8
What is the remainder when 179 is divided by 53?
20
Calculate the remainder when 301 is divided by 19.
16
What is the remainder when 919 is divided by 24?
7
What is the remainder when 429 is divided by 19?
11
Calculate the remainder when 51835 is divided by 111.
109
What is the remainder when 130 is divided by 92?
38
What is the remainder when 2940 is divided by 11?
3
What is the remainder when 35 is divided by 10?
5
What is the remainder when 1456 is divided by 31?
30
What is the remainder when 358 is divided by 116?
10
What is the remainder when 468 is divided by 78?
0
Calculate the remainder when 232 is divided by 24.
16
Calculate the remainder when 367 is divided by 122.
1
What is the remainder when 4845 is divided by 37?
35
Calculate the remainder when 366 is divided by 141.
84
Calculate the remainder when 141 is divided by 22.
9
What is the remainder when 17 is divided by 14?
3
Calculate the remainder when 2206 is divided by 6.
4
Calculate the remainder when 1264 is divided by 253.
252
What is the remainder when 183 is divided by 31?
28
Calculate the remainder when 92 is divided by 35.
22
What is the remainder when 105 is divided by 27?
24
Calculate the remainder when 760 is divided by 184.
24
What is the remainder when 623 is divided by 25?
23
Calculate the remainder when 283 is divided by 99.
85
Calculate the remainder when 56 is divided by 20.
16
Calculate the remainder when 586 is divided by 85.
76
Calculate the remainder when 277 is divided by 47.
42
What is the remainder when 414 is divided by 133?
15
Calculate the remainder when 572 is divided by 36.
32
Calculate the remainder when 244 is divided by 23.
14
Calculate the remainder when 5877 is divided by 56.
53
What is the remainder when 177 is divided by 43?
5
Calculate the remainder when 37 is divided by 22.
15
Calculate the remainder when 37 is divided by 23.
14
What is the remainder when 3300 is divided by 9?
6
Calculate the remainder when 313 is divided by 34.
7
What is the remainder when 412 is divided by 4?
0
What is the remainder when 444 is divided by 86?
14
Calculate the remainder when 220 is divided by 56.
52
Calculate the remainder when 975 is divided by 96.
15
What is the remainder when 1869 is divided by 380?
349
What is the remainder when 1405 is divided by 38?
37
What is the remainder when 7389 is divided by 224?
221
Calculate the remainder when 148 is divided by 75.
73
What is the remainder when 695 is divided by 279?
137
What is the remainder when 50 is divided by 15?
5
What is the remainder when 736 is divided by 151?
132
Calculate the remainder when 8581 is divided by 74.
71
What is the remainder when 85 is divided by 35?
15
Calculate the remainder when 73 is divided by 54.
19
Calculate the remainder when 513 is divided by 30.
3
Calculate the remainder when 122 is divided by 67.
55
What is the remainder when 2939 is divided by 13?
1
What is the remainder when 303 is divided by 51?
48
What is the remainder when 396 is divided by 149?
98
What is the remainder when 847 is divided by 213?
208
What is the remainder when 310 is divided by 15?
10
Calculate the remainder when 262 is divided by 145.
117
What is the remainder when 143 is divided by 25?
18
Calculate the remainder when 231 is divided by 79.
73
What is the remainder when 271 is divided by 28?
19
Calculate the remainder when 294 is divided by 27.
24
Calculate the remainder when 368 is divided by 75.
68
Calculate the remainder when 2528 is divided by 22.
20
Calculate the remainder when 104 is divided by 7.
6
What is the remainder when 2502 is divided by 209?
203
What is the remainder when 202 is divided by 166?
36
Calculate the remainder when 1999 is divided by 50.
49
What is the remainder when 120 is divided by 55?
10
What is the remainder when 5865 is divided by 4?
1
Calculate the remainder when 1697 is divided by 81.
77
What is the remainder when 137 is divided by 6?
5
Calculate the remainder when 330 is divided by 111.
108
Calculate the remainder when 411 is divided by 60.
51
What is the remainder when 997 is divided by 298?
103
What is the remainder when 623 is divided by 113?
58
Calculate the remainder when 62 is divided by 40.
22
What is the remainder when 5395 is divided by 200?
195
Calculate the remainder when 3319 is divided by 18.
7
Calculate the remainder when 6500 is divided by 12.
8
Calculate the remainder when 387 is divided by 14.
9
Calculate the remainder when 544 is divided by 133.
12
Calculate the remainder when 1615 is divided by 49.
47
Calculate the remainder when 272 is divided by 11.
8
What is the remainder when 261 is divided by 257?
4
What is the remainder when 514 is divided by 122?
26
What is the remainder when 2984 is divided by 36?
32
What is the remainder when 3717 is divided by 124?
121
Calculate the remainder when 2988 is divided by 97.
78
Calculate the remainder when 572 is 